*r - 642. Suppose -122 = -2*o + r. Suppose 0 = -f - f + o. What is the greatest common factor of f and 14?
14
Let v = 24 + -20. Suppose -b - f = -15 - 8, -v*f - 64 = -2*b. Calculate the highest common divisor of 182 and b.
26
Suppose 1701 = 198*r - 191*r. What is the highest common factor of 18 and r?
9
Let p = -759 + 762. What is the greatest common divisor of 24 and p?
3
Suppose a = i + 1, 6*a = 3*a + 2*i + 4. Suppose 0 = -5*d - a*n + 14, -5*d + 3*n = -2*n. Calculate the greatest common factor of d and 3.
1
Suppose 15 = -n + 6*n. Suppose t + 0*t - n = 0. Let d(q) = q**3 - 12*q**2 + 11*q + 21. Let m be d(11). What is the highest common divisor of t and m?
3
Let i be (222/(-4))/3 + 2/(-4). Let y = -6 - i. What is the highest common divisor of 65 and y?
13
Let x(p) = -10*p - 6. Let b be (-1)/(2/(-6)*-1). Let j be x(b). Calculate the greatest common factor of j and 6.
6
Suppose -g = -2*v + 50, 2*v + 31 = 3*v - 2*g. Suppose -q + 3 = 2*b - 4, -5*q + v = 4*b. What is the highest common factor of q and 12?
3
Let c(n) = -1 + 88*n**2 - n + 0 - 22*n**2. Let d be c(-1). Let b = -126 - -291. Calculate the highest common divisor of d and b.
33
Suppose -3*s - 62 + 239 = 0. Let j = s - 48. What is the greatest common divisor of 11 and j?
11
Let y(p) be the second derivative of -p**4/12 + 9*p**2 + 45*p. Let z be y(0). What is the greatest common divisor of z and 81?
9
Let z = 300 - 246. Calculate the highest common divisor of z and 72.
18
Let k be (-28)/(12/(-3)) - 4. Suppose 2*r - 40 = -5*h, 0*h + r = -k*h + 24. Let c be 12/((h/(-18))/(-2)). What is the greatest common divisor of 18 and c?
18
Suppose -336 = -65*x + 62*x. What is the greatest common divisor of x and 16?
16
Let x be 21 + ((-30)/(-36))/((-13)/(-78)). Let n be ((-18)/(-21))/((-2)/(-14)). Let a be 4/n - 76/(-3). What is the highest common divisor of a and x?
26
Let c = -309 + 347. What is the greatest common factor of 19 and c?
19
Let h = -758 + 764. Calculate the greatest common factor of 282 and h.
6
Let t = -1625 - -1682. Suppose 9*f = 4*f + 190. Calculate the highest common factor of t and f.
19
Let z be 10/(1 - 3) - -4. Let r(o) = -49*o - 1. Let a be r(z). Calculate the highest common factor of a and 6.
6
Let q be 103/3 + 2/3. Suppose 2*k - 7*k + 15 = 0. Suppose -6 + 21 = k*r. Calculate the greatest common divisor of r and q.
5
Let n = 74 - 14. What is the highest common divisor of 20 and n?
20
Let g = -36 + 38. Let b(z) = -2 - z + 8 + z**g + 0 + 7*z. Let p be b(-7). What is the highest common factor of p and 13?
13
Let j(f) = -49*f + 1. Let d be j(-2). Let s(v) = -8*v + 59. Let k be s(6). What is the greatest common factor of k and d?
11
Let a be (-1 - -2)*(-2 + 114). Let n(y) = 5*y**2 + 70*y - 61. Let z be n(-15). What is the highest common divisor of a and z?
14
Suppose -g = -3, -x - 2*x = -5*g - 2091. What is the greatest common divisor of x and 26?
26
Let l be (-3)/12 + (-1878)/(-24)*1. Suppose 3*o = -2*o + 195. Calculate the highest common factor of l and o.
39
Suppose -39*o = -94*o + 123310. What is the highest common factor of o and 38?
38
Let r(i) = -3*i - 23. Let j be r(-9). Let n = j + 6. What is the greatest common divisor of n and 2?
2
Suppose 4*q + 4 = -x + 9, -2*q + 2*x + 10 = 0. Suppose -4*d + q + 6 = 0. Let y be d/(-3) - 188/(-12). What is the highest common factor of 165 and y?
15
Let w be (32 - -2)*4/8. Calculate the greatest common divisor of 136 and w.
17
Suppose 8*u - 8 = 6*u. Suppose 0 = -2*f - l + 3, u*f - 3*l = -0*f + 1. What is the highest common factor of f and 2?
1
Let q(y) = -2*y + 4 + 3*y + 3*y - 3*y. Let k be q(9). Calculate the highest common divisor of k and 13.
13
Suppose 163*n - 151*n = 432. Calculate the highest common factor of n and 21.
3
Let r(m) = 290*m**2 - 19*m - 19. Let n be r(-1). What is the highest common divisor of n and 70?
10
Suppose -5*g - 1 = -131. Calculate the highest common divisor of 1534 and g.
26
Let f be (-6956)/(-10) + 0 + (-10)/(-25). Suppose 13*b - 344 - f = 0. Suppose -5*z - 58 + 218 = 0. What is the highest common divisor of z and b?
16
Let q = -1607 + 1673. What is the highest common factor of q and 2112?
66
Let t be (-11)/(1 + (-2)/1). Let g = 3 - -20. Let m = g - 12. What is the highest common divisor of t and m?
11
Let h = -427 + 436. Calculate the highest common factor of h and 4.
1
Let o be (-20)/8*798/(-95). Calculate the highest common divisor of o and 49.
7
Suppose 3*v - z - 3*z = 31, 0 = 2*v - z - 14. Suppose -2*w - 36 = -2*u, 2*u = 3*w - 7*w + 18. What is the highest common divisor of u and v?
5
Let h = -476 - -500. What is the greatest common factor of 708 and h?
12
Let u be 33 - (0/2 - -1). Let q = 6128 + -6048. Calculate the highest common divisor of u and q.
16
Suppose 13*q - 14477 - 7883 = 0. What is the highest common factor of 40 and q?
40
Suppose 0 = 25*z - 4*z - 420. Calculate the greatest common factor of z and 10.
10
Let c(v) = -v**3 + 16*v**2 - 19*v - 24. Let u be c(14). Calculate the highest common factor of 24 and u.
6
Let q = 16 - 11. Suppose -2*o + 346 = q*n, 3*n - 148 = o + 64. What is the highest common factor of n and 7?
7
Suppose -2*m = -13 - 7. Let g(d) = 2*d - 4*d + d**2 - 10 - 3*d. Let v be g(10). Calculate the highest common factor of m and v.
10
Let u(k) = -2*k - 5. Let h be u(4). Let n be 22/143 + (-37)/h. Calculate the highest common divisor of 1 and n.
1
Suppose -h = -5*h + 48. Calculate the greatest common divisor of 120 and h.
12
Suppose 2*n = p + 1, 0 = p - 4 + 1. Suppose -3*h = -h + 10, -n*z - 4*h = -74. What is the highest common divisor of 517 and z?
47
Let a = -78 - -124. Suppose -4*x = -186 - a. Calculate the greatest common factor of 29 and x.
29
Let w(c) = 258*c - 24. Let x be w(8). Suppose 0 = -11*s + 5*s + x. What is the greatest common factor of s and 34?
34
Let u = 82 - 83. Let y be (u/(-1))/(-4 - 135/(-33)). Calculate the greatest common factor of 88 and y.
11
Let p = 561 - 535. Calculate the highest common divisor of p and 117.
13
Let a(d) = -d**3 - d**2 + 11*d + 160. Let o be a(0). What is the greatest common divisor of 5 and o?
5
Suppose 0*l + 2*p + 12 = 5*l, l = 5*p - 16. Let w(g) = 3*g**3 - 3*g**2 - 4*g + 17. Let k be w(l). Calculate the greatest common divisor of k and 29.
29
Suppose -3*p - 173 + 488 = 0. What is the greatest common factor of 9 and p?
3
Let z be (-30)/(-15)*(76 + 1). Suppose p - 66 = -2*p. What is the highest common factor of z and p?
22
Let v(k) be the first derivative of 67*k**4/4 + 2*k**3/3 + k**2/2 - 2*k - 12. Let q be v(1). Let f = q + -33. Calculate the highest common factor of 7 and f.
7
Let w = -42 + -4. Let f = w + 172. Suppose -9*p - 2*a - 78 = -13*p, 5*a = -p + 3. Calculate the highest common factor of f and p.
18
Let h(k) = 2*k**2 + 5*k + 37. Let f be h(-7). Suppose 3*n = -4*d + 71, -5 = -d - 5*n - 0. Calculate the greatest common divisor of d and f.
20
Suppose 402*c = 393*c + 162. Calculate the greatest common divisor of 4 and c.
2
Suppose -3*p - 4*k = -476, -3*p + 7*k - 4*k = -483. What is the greatest common divisor of p and 32?
32
Let y(o) = -o**2 + 2*o + 3. Suppose x = 3*t + 1 - 7, -x = -2*t + 3. Let b be y(x). Let f = b + 24. Calculate the highest common factor of f and 36.
12
Suppose -2*s = s + r - 1440, s = 3*r + 490. What is the highest common divisor of s and 74?
37
Let f = -51 - -54. Suppose 417 = f*l - q + 17, 5*l - 660 = 3*q. Calculate the highest common factor of l and 15.
15
Let b(j) = -j**3 - 2*j**2 - 11*j - 21. Let c be b(-11). Calculate the highest common factor of c and 82.
41
Let f be (10/(-2) - -2) + 39. Calculate the highest common factor of f and 9.
9
Suppose 565*a - 560*a - 50 = 0. Suppose 4*u - 90 = -14. Suppose 2*l + c - u = 0, -l + 8 = -0*c + 2*c. What is the highest common factor of a and l?
10
Let a(l) = l**3 + 6*l**2 - 3*l - 3. Let d be a(-2). What is the greatest common divisor of d and 1?
1
Let o be 56/98 - 1/(7/11). Let r be 0*(-2)/(-6) - 203*o. What is the greatest common factor of r and 29?
29
Let c be (1/(-1))/((-6)/18). Let a = c - -62. Calculate the highest common factor of a and 26.
13
Let n(z) = 2*z + 11. Suppose -4*m + 0 - 20 = t, 0 = t - 4*m - 20. Let g be n(t). What is the greatest common divisor of 1 and g?
1
Let w be (2580/43)/(0 - (-2)/3). Calculate the highest common divisor of 70 and w.
10